-2*r - c*r, 3*r - 1635 = -3*f. Is f a composite number?
False
Let w be -1 - (-122 + (-2)/(-2)). Suppose 0 = 10*k - 5*h - 55, -14*h + 12*h - 10 = 0. Suppose -k*z + 2*i + w = -110, 4*i = -16. Is z a prime number?
False
Let h(d) = d**3 + 8*d**2 + 3*d + 16. Let q be h(-8). Is (402/q)/(264/(-5984)) prime?
False
Let s(o) = o - 28. Let z be s(27). Let h(x) = -373*x**3 + x**2 - 3*x - 4. Is h(z) prime?
True
Suppose 2*l = h + 36727, -5*h - 9*l + 11*l = 183603. Let y = 90310 + h. Is y prime?
True
Let w be 3 - 2 - (-15 + 1). Let x be 4/(-6) - (-2)/3. Suppose -m = 5*d - 610, x*m + w = 3*m. Is d prime?
False
Let w(q) = -11442*q - 32. Let g be w(12). Let p = -18826 - g. Suppose 4*h = -10*h + p. Is h a composite number?
True
Suppose -5*i = -0*i - 25. Suppose w - 3*w + 21 = -5*q, i*q = -5*w. Suppose -u = z - 211, 0 = -z - w*z. Is u a prime number?
True
Let z = -24555 - -70836. Is z composite?
True
Let v = 300 + -259. Is (-69306)/(-8) - v/164 prime?
True
Suppose 0 = -4278*s + 4279*s - 24980 - 8711. Is s composite?
True
Suppose -3*q - 1208 = -8*l + 7*l, 6070 = 5*l - 5*q. Is l composite?
False
Let o = -42 + 47. Suppose -x = -o*x + 20. Suppose 0 = x*r + s - 0*s - 950, -s - 769 = -4*r. Is r a composite number?
False
Suppose -3*t + 11*t = 5*t. Let f be t*3/9 - -7740. Suppose 5*h - f = -3*l - 2*l, 4*h = -l + 6177. Is h composite?
False
Let y(x) be the third derivative of x**6/24 + 3*x**5/20 + x**4/24 - 3*x**3/2 + 2*x**2 - 180*x. Suppose 0 = 5*l - 21 - 9. Is y(l) prime?
False
Let u(y) be the third derivative of y**5/20 + 6*y**2. Let o be u(-1). Suppose -2717 = -5*d + o*q, -6*q = -3*d - 2*q + 1639. Is d a prime number?
True
Let n(f) = f**3 - 15*f**2 - 6*f + 83. Let p be n(15). Is -4 + (p - (-51720)/6) a prime number?
True
Is (12/18 - (-2 - -62))/(10/(-3765)) a composite number?
True
Let o = 18 - 10. Let b(m) = 3*m**3 + 41*m**2 + 41*m - 15. Let c(k) = 2*k**3 + 27*k**2 + 27*k - 10. Let q(r) = o*c(r) - 5*b(r). Is q(-9) composite?
True
Let c(m) = 3 + 54*m - 412*m**2 + 18 + 26 + m**3 + 0*m**3 + 387*m**2. Is c(33) composite?
True
Suppose 7*k + k + 1928 = 0. Let s = k + 778. Suppose -4*t = -4*h - 1316, -5*t - s = 5*h - 2202. Is t a prime number?
True
Suppose -j + z + 39 = 0, 3*j - 6*z + 5*z - 125 = 0. Let b = j + -37. Is (-419 + 0)/(b/(-6)) a composite number?
False
Is (-262836)/(-15) + ((-72)/(-900))/((-1)/5) a prime number?
False
Let h(v) = -2*v**2 - 37*v + 13. Let n be h(-19). Is ((-48123)/(-45))/((-3 - n)/15) a prime number?
True
Suppose 0 = 2*g + 4*g - 48. Suppose 4*z = -k + 3609, -g - 12 = -5*z. Is k prime?
True
Suppose -1378 = i - f + 391, -4*i - f - 7051 = 0. Let v = i + 4987. Is v composite?
True
Let o = 28412 - 20118. Suppose 0 = 5*b - 7226 - o. Suppose -h + 2378 = 2*u - 721, -b = -h + 3*u. Is h prime?
False
Suppose 20*r - 682645 = 772995 + 531940. Is r a composite number?
True
Suppose 3*o = -3*x + 573879, 4*x - 2*x - 382602 = 2*o. Is x composite?
False
Suppose -13632 = 22*z + 18554. Let c = 2094 + z. Is c prime?
True
Suppose 0 = 2*w - 0*w - 3*o - 13259, 0 = -4*w + 4*o + 26528. Is w prime?
True
Suppose -3*x - 8*x + 594937 = -4*x. Is x a composite number?
False
Let h(u) = 0*u + 7*u + 2*u - 11 + 9*u**2 - 60. Is h(25) composite?
False
Let m(x) = 7783*x - 29. Let g be m(4). Suppose 15*b - g - 1582 = 0. Is b composite?
False
Let w = 794051 - 538392. Is w a composite number?
False
Suppose -36*a + 73 = -35. Suppose 2*t - 3340 = 3*v + 7753, -a*v = 4*t - 22141. Is t prime?
False
Let u(x) = -3*x**3 + 12*x**2 - 19*x. Let f(a) = -2*a**3 + 8*a**2 - 13*a. Let q(d) = 7*f(d) - 5*u(d). Let b be q(2). Suppose b = 4*s - 3*s - 1535. Is s prime?
False
Let u be 398/(-2 - (-1 - 3)). Suppose -w = -u - 508. Is w composite?
True
Suppose -h = 2*c + 14570, -3*c = -5*c - 2*h - 14566. Let z = c + 2278. Let n = z + 8008. Is n composite?
False
Let g = -434993 - -681964. Is g composite?
False
Suppose 4*v + 0*v + 48 = 0. Let z(t) = 21*t**2 + 12*t - 13. Let p be z(v). Is (-6)/45 + p/15 composite?
False
Let y be (32/(-20))/((-2)/40). Let c = y - 23. Suppose -5*g - 476 = -c*g. Is g prime?
False
Suppose -4*d + 43660 = 4*l, 2*d - 31768 = -4*l + 11884. Is l a prime number?
False
Suppose -21*d - 42 = -0. Is (0 - (-78626)/d)/(53 + -54) composite?
False
Let u = -2709 - -5829. Suppose -6*x + u = -x. Let o = x - 373. Is o a prime number?
True
Let f(a) = 160*a - 303. Let k be f(2). Let r = -1 + 1. Suppose k*o - 8*o - 9657 = r. Is o a prime number?
False
Let b = 52967 - -125886. Is b composite?
False
Suppose -846*g = -848*g + 4206. Is (-6 - -10)*g/6 prime?
False
Suppose 46*f - 1716599 - 524157 = -179082. Is f a composite number?
False
Let m = 108 - 108. Suppose -3*s - 5*t + m*t + 40716 = 0, -3*s + 3*t + 40740 = 0. Is s composite?
False
Let o = 2 + 6. Let j be ((-1784)/6)/((-26)/117). Suppose -6*i + o*i - j = 0. Is i a composite number?
True
Let b = -19 + 83. Let t(l) = -134 + 68 - 65*l + b. Is t(-5) a prime number?
False
Let i(b) = -b**3 - 2*b**2 + 2*b + 2. Let o be i(-3). Suppose -4*a - o*v = -6*v - 3516, -4*a - 5*v = -3492. Is a composite?
True
Let c = -348 + 10801. Is c composite?
False
Suppose 27*u - 17*u = -16*u + 6618898. Is u composite?
True
Suppose 18*v - 3*t - 740505 = 15*v, v = 5*t + 246843. Is v composite?
False
Let l be 8 + 1843 - 8/2*-1. Suppose 3*w = -5*y + l + 922, -4*y = 2*w - 2220. Is y a prime number?
False
Suppose 2*u = 2*g - 0*g - 4200, 0 = 3*g - 2*u - 6304. Suppose 4*j - 5*k + 1040 = 6*j, 4*j - g = 2*k. Suppose 7*o - j = 1008. Is o prime?
False
Let o = -49 + 43. Let d be (19628/o)/(1 - 26/30). Is 8/64 + d/(-8) composite?
False
Let a = 522 + -520. Suppose -a*r + 47289 = 3*h, 5*h - 78793 = 7*r - 3*r. Is h a composite number?
False
Let r be (28/35)/(2/10). Suppose 6797 = 2*k - p, 5*k - 16999 = -0*p - r*p. Let d = -2420 + k. Is d a composite number?
True
Suppose -6*h + 16787 = -23779. Is h a prime number?
True
Suppose 36499977 = 50*q + 31*q. Is q a prime number?
True
Let i = -100 - -105. Let j(v) = 11*v**3 + 6*v**2 - v + 3. Is j(i) prime?
True
Suppose -15 = -a - a - 3*h, -4*a + 3*h = 15. Suppose a = -11*u + 19*u + 8. Is 2 - 3 - u - -326 a prime number?
False
Let g(r) = r**2 - 1. Let w be g(2). Let j(q) = 377*q**2 + 5*q - 13. Let u be j(w). Suppose u = 3*c + 4*c. Is c prime?
False
Suppose 18*w - 306520 - 990616 = 2*w. Is w composite?
False
Let c = 418 - 409. Let r(o) = 61*o**2 - 45*o + 11. Is r(c) composite?
False
Let g(y) = -y**3 + 2*y**2 - 2*y + 1. Suppose t + 6 = 2*h, 7*h - 4 = 4*t + 4*h. Let w be g(t). Is (-2059)/w - (-8)/(-6) composite?
True
Suppose s - 39089 = 2*x, -4*s + s + 4*x + 117257 = 0. Is s composite?
False
Suppose 0 = 8*m - 143 - 81. Let d = m - 21. Suppose c = d*c - 1398. Is c composite?
False
Let m(k) = 434*k**2 + 2*k + 699. Is m(14) a prime number?
False
Let o(a) = -14*a**3 + 13*a**2 + 39*a + 11. Let j be -22 - -15 - (-1 + -1 - -1). Is o(j) a composite number?
True
Let r = -346 + 354. Is (-304)/(-228)*19218/r composite?
False
Let o(v) = 25290*v**2 - 87*v - 655. Is o(-6) composite?
False
Let k be -5 + 7040/((-56)/(-7)). Let z = -478 + k. Is z prime?
True
Let o(i) = 7454*i - 19. Let g(l) = 29815*l - 77. Let b(j) = -2*g(j) + 9*o(j). Is b(1) a composite number?
True
Suppose 0 = 228*b - 219*b - 175599. Is b composite?
True
Is 7753944/176*4/6 prime?
False
Let n = -21170 - -34387. Is n prime?
True
Suppose 0 = -3*m - 3 - 0. Let k be -3 + (-64694)/(-7) - (m - 1). Let o = k - 3578. Is o a prime number?
False
Let d(n) = -2*n - 5. Let u be d(-3). Suppose -5*b - 10 = -2*c, c + 3*b = 4 + u. Is (c*1)/((-6)/(-2082)) a prime number?
False
Suppose 24*p + 1006412 = 31*p - 3211739. Is p a prime number?
True
Let n(v) = 6*v**3 + 47*v**2 - 1705*v + 53. Is n(39) prime?
True
Let x(u) be the first derivative of 171*u**2/2 - 27*u + 32. Let o be x(8). Is (o/4 - -2) + 3/(-12) composite?
False
Let n = -97 - -102. Suppose 3247 = -n*z - 43483. Let d = z + 13673. Is d a composite number?
False
Suppose 385 = -3*y - 2*y. Let g = 109 + y. Suppose 0 = 3*x + g - 239. Is x composite?
True
Suppose -63607 = -4*x - o, 4*x - 56146 - 7473 = -5*o. Is x a prime number?
True
Suppose f = -5*f + 8754. Suppose 0 = z - 4*z + i + f, 3*i = 15. Let h = z - -351. Is h prime?
True
Let x = 190 - 91. Let a = 89 - x. Let d(m) = -33*m - 37. Is d(a) a composite number?
False
Suppose 167687 = 16*j + 6*j - 4624991. Is j a prime number?